et b(y) = -9*y**2 + 47*y + 21. Let z(r) = -5*r**2 + 24*r + 11. Let v(g) = -6*b(g) + 11*z(g). Let n be v(-17). Suppose -3884 = n*j - 16*j. Is j composite?
False
Suppose -11*p - 26 = 7. Is (p/6)/(1/(-10198)) a composite number?
False
Suppose 20277704 = 116*f - 28920564. Is f composite?
True
Let v(u) = u**3 + 5*u**2 + 6*u - 2. Let z be v(-3). Is -2 + 6/z + 8642 a prime number?
False
Suppose 8*x - 28 = 4*x. Let f be (-11568)/(-42) + (-3)/x. Suppose -n + 132 + f = 0. Is n composite?
True
Let s = 236 - 233. Suppose s*b + 2*t = 2418 + 1785, -5*t - 2783 = -2*b. Is b prime?
True
Suppose 0 = -83*k + 79*k + 2220. Let j = k + 232. Is j a composite number?
False
Let t = -657882 + 1154431. Is t a composite number?
False
Suppose -m = -2*s + 86827, 6*s - 9*s - m = -130243. Suppose 2*l + 74*y = 75*y + 28947, 3*l + 5*y = s. Is l a composite number?
True
Suppose -2 = 9*v - 11. Is v*4*4/((-144)/(-36819)) prime?
True
Suppose 77*w + 117836 = 409897. Is w a prime number?
True
Let o(v) = 320*v**2 - 468*v + 125. Is o(-46) a composite number?
False
Suppose 31721 = -5*r + 191086. Is r composite?
False
Let o(z) = 1921*z + 1. Let m be o(3). Let k(a) = -2*a**2 - 26*a - 441. Let f be k(-13). Let p = m + f. Is p composite?
False
Let k be 105/(-14)*(-16)/60. Suppose 748 = 4*o + 3*d, k*d - 223 = -4*o + 525. Is o prime?
False
Suppose 2201 = 2*w - 0*w + u, -4*w = -3*u - 4377. Let t = 4485 - w. Is t a composite number?
True
Suppose -3*s + 21 + 21 = 0. Let h = s + -18. Let z(f) = -126*f - 5. Is z(h) composite?
False
Suppose -10506 = -7*r + 7064. Suppose -13*o + 14*o = 693. Let c = r + o. Is c prime?
True
Let i(h) = 22312*h**3 + 6*h**2 - 61*h + 179. Is i(4) a prime number?
True
Let b = -758 - -760. Suppose 6*v = v + b*c + 357, -3*v + 3*c = -216. Is v composite?
False
Suppose 6 = w + 2. Let i(q) = 175*q**2 - 4*q + 10. Let k(g) = 87*g**2 - 3*g + 5. Let u(l) = -2*i(l) + 5*k(l). Is u(w) composite?
True
Let f = 168 - 175. Is (f*9/(-126))/((-1)/(-3314)) a composite number?
False
Let w(l) = 5008*l**2 - 38*l + 101. Is w(7) prime?
False
Is -1 + 293003 + 7 - -12 a prime number?
True
Let f = -355 - 903. Let z = f + 807. Let y = z - -1632. Is y a prime number?
True
Let r(t) = 401*t**2 - 3. Let s be r(-2). Let n = -532 + s. Is n composite?
False
Let f(h) = -h**3 + 2*h**2 + 7*h + 4. Let y be f(4). Suppose d = -y*d + 5. Suppose -1686 = -d*q + 149. Is q a prime number?
True
Is (-2142706)/(-16) + (-696)/(-64) + -11 a prime number?
True
Suppose 5*q = -2*q + 77. Suppose 12*h = q*h + 5. Suppose h*g - 478 = 3*g. Is g a prime number?
True
Suppose 8*k - k - 13391 = 0. Suppose 3292 + k = 5*v. Suppose 0 = -0*p - p + v. Is p prime?
False
Let z(o) = 3*o**3 + o + 30734. Let b be z(0). Let f = -11073 + b. Is f a prime number?
True
Suppose -4*d - 29*s = -27*s - 120518, 5*s + 150670 = 5*d. Is d a composite number?
True
Let c = -22 - -27. Suppose 6*o = c*o. Suppose 165 = -o*q + 5*q. Is q composite?
True
Suppose 2*q - 55311 = -g, -3*g + 114*q - 117*q + 165936 = 0. Is g prime?
True
Let m = -184 + 678. Let t be m/117 - 4/18. Suppose 3*i - 2678 - 7981 = 3*f, 5*i = -t*f + 17774. Is i prime?
False
Suppose 136 = 32*p + 8. Let m be 4764 + (-2 - (-4)/2). Suppose 8*v - 3*v = -4*u + m, p*u = 2*v + 4764. Is u a composite number?
True
Suppose -4*q + 3*q = 2*q. Suppose n = -2*t + 2055 + 2661, q = -4*t + 3*n + 9422. Is t a composite number?
False
Let x(z) = -151*z + 17 - 507*z + 2 - 7. Let v be x(-4). Let a = v + -1857. Is a composite?
False
Suppose 2*y - 12 = 4*q, 4 = 3*y - 5*q - 13. Suppose -2*o + o - y = 0, 26 = 3*u - 5*o. Suppose u*n = 184 + 474. Is n a prime number?
False
Suppose -187 = -2*k - 137. Let q = k + -242. Let h = q - -548. Is h a prime number?
True
Let y(w) be the second derivative of 31*w**4/6 + 9*w**2/2 + 41*w. Is y(10) prime?
False
Let d(l) = -1 - 11*l - 4 - 41 - 10 + 84*l**2. Is d(13) a composite number?
False
Let j(m) = 18*m - 432. Let y be j(24). Is 8 + y/4 - -25629 composite?
True
Let r(p) = -4*p + 28. Let k be r(15). Let a = k + 52. Let b(f) = -f**3 + 22*f**2 + 25*f - 27. Is b(a) a composite number?
True
Let z(g) be the second derivative of g**3/6 + 21*g**2/2 - g - 2. Let m be z(-20). Is (4 - m - -1527) + 5 prime?
False
Let r = 4908 - -5621. Is r prime?
True
Suppose -2*s + 14*x = 19*x - 296077, -x = -s + 148070. Is s composite?
False
Let j be ((-83425)/(-10) - (-6)/3)*18. Suppose -47*l = -j - 152432. Is l composite?
True
Let h(n) = 454*n**3 - n**2 + 2*n - 1. Suppose 0 = 5*l - 3*l - 14. Suppose -l = -4*u - 3. Is h(u) a composite number?
True
Let k(o) = o**2 + 16*o + 3. Let a be k(-16). Suppose -a*g - 11180 = 4*f, -5*f = g - f + 3732. Let u = g - -6053. Is u composite?
True
Let p(r) = -2*r**2 - 37*r + 22. Let z be p(-19). Suppose -x - 4*l + 4961 = 0, 14901 = z*x - l + 4*l. Is x prime?
True
Suppose 155*v = 139*v + 512. Let b(t) = 59*t - 41. Is b(v) a composite number?
False
Is ((-88)/(616/(-14)))/(4/122006) a prime number?
False
Let f = 6425 - 1348. Is f a prime number?
True
Suppose 12*g + 4*s = 9*g + 1493513, 2*g - 995637 = 5*s. Is g composite?
False
Let g be 1 + 0 + (6 - -2324). Let b be 36/(-27)*(-6)/(-4)*-6. Is g*2/8 + 3/b a composite number?
True
Let c = -24185 - -88336. Is c a prime number?
True
Suppose 5*m - 4*c + 5*c + 980 = 0, 616 = -3*m + 5*c. Let z = m - -784. Is z a composite number?
False
Let w = -3670 - -3831. Is w a prime number?
False
Let o(s) = 54*s**2 + 6*s + 23. Let m(p) = 6*p**3 + 4*p + 4. Let v be m(-1). Is o(v) a prime number?
True
Let j(i) = i**3 + i**2 + i + 1. Let p(g) = -2*g**3 + 9*g**2 - 15*g + 45. Let s(n) = 4*j(n) - p(n). Is s(5) composite?
True
Let y = 20340 + -6837. Suppose -s + y = -r, 10*s + 3*r = 11*s - 13495. Is s composite?
True
Let x(s) = 2*s - 36. Suppose -t = t - 36. Let c be x(t). Suppose 0 = 5*h - c*h + 4*k - 2753, 4*h = 5*k + 2227. Is h prime?
False
Let b(o) = 52*o**3 + 3*o**2 - 2*o - 1. Let x be b(2). Let a = 5180 + x. Is a composite?
True
Let n = 23236 - -15135. Is n prime?
True
Let m(p) be the first derivative of 683*p**5/40 + p**4/6 + 7*p**3/3 + 13. Let l(z) be the third derivative of m(z). Is l(1) a composite number?
False
Suppose 1809*f = 1806*f + 79383. Is f prime?
False
Suppose -3*t + 101 + 148 = 0. Let m = t + -99. Is 1529 + 4/(-2)*(-16)/m composite?
True
Suppose -1471225 = -24*g + 4542767. Is g a composite number?
False
Suppose -4*z = 4*v - 24, -5*v + 27 = -3*v + 5*z. Let b be 3/(-3) - (-24 + v). Is (-20732)/(-44) + (-4)/b prime?
False
Let m(k) = 5*k - 3. Let g be m(1). Suppose 0 = -g*h + 4*x - 4, h = -x - 2*x - 2. Let y(a) = -304*a**3 + a**2 + 3*a - 1. Is y(h) composite?
True
Is ((-32)/(-80) + (6/10)/1)*202613 a prime number?
True
Suppose -3*z + 3606821 = 5*d, z = -571*d + 574*d - 2164115. Is d a composite number?
True
Let r(d) = -1439*d - 27. Suppose -5*x + 4*x = 2*t + 10, -3*t = -3*x + 6. Is r(x) composite?
False
Is 436508 + (6/24*-2)/(8/16) a composite number?
False
Suppose -3*h + 2*i = -551, 5*i + 740 = 4*h + 17. Suppose 0 = -h*v + 182*v + 5905. Is v a composite number?
False
Let a = -138 - -126. Let j(b) = 2*b + 4*b**2 - b + b + 29. Is j(a) prime?
False
Let n = -55 + 118. Suppose n*j - 66*j = -1563. Is j composite?
False
Let c(q) = 2843*q - 6638. Is c(35) a composite number?
False
Suppose 4*y - 4*k = 6178992, 5*k + 3089511 = -46*y + 48*y. Is y prime?
False
Let z be 10/15*(2 + 4). Suppose -z*u = k + 35 + 50, -4*k - 10 = u. Let f = u + 37. Is f a composite number?
True
Suppose 0 = -2*i + 11 - 1. Let k be 1/i - (-123)/(-15). Is -2452*(2/k)/((-4)/(-8)) prime?
False
Let h(r) = 290*r + 3. Let w be 816/20 + (-1)/(-5). Let n = w + -39. Is h(n) prime?
False
Let g(y) = -13*y + 15. Let z be g(1). Suppose -z*r + 12260 = 4*m, 0 = 3*m - 7*m - 4*r + 12252. Is m composite?
False
Suppose -m + 5*h + 6 - 46 = 0, -5*m + 4*h - 95 = 0. Let s be 3/m + 58545/(-25). Let g = s - -6097. Is g composite?
True
Let m(c) = 7*c**3 + 52*c**2 - 83*c - 205. Is m(36) a prime number?
True
Let r(h) = h**3 - 6*h**2 + 4. Let a be r(6). Let d = 1 + a. Suppose 4*j + 2*t = 3*t + 3473, t = d*j - 4342. Is j prime?
False
Is (9/(-36)*8)/(2/(-149071)) composite?
True
Let p(h) = -3 - h**3 + 44*h**2 - 23*h - 61*h**2 + 0. Is p(-16) a composite number?
False
Suppose 5*g = 2*p + 4*g - 12, g + 8 = p. Is 8261 - ((-7 - (2 - 3)) + p) composite?
False
Let d = 501 + -534. Is ((-34783)/(-21))/((-11)/d) co